{"id":10,"date":"2019-01-26T19:20:12","date_gmt":"2019-01-26T19:20:12","guid":{"rendered":"http:\/\/krippe-kruemelkeks.de\/?page_id=10"},"modified":"2023-05-10T09:27:45","modified_gmt":"2023-05-10T09:27:45","slug":"team","status":"publish","type":"page","link":"https:\/\/krippe-kruemelkeks.de\/?page_id=10","title":{"rendered":"Team"},"content":{"rendered":"<p style=\"text-align: left;\"><span style=\"font-size: xx-large;\"><strong><u>Unser Team<\/u><\/strong><br \/>\n<\/span><br \/>\n<img decoding=\"async\" loading=\"lazy\" class=\"wp-image-88 alignleft\" src=\"http:\/\/krippe-kruemelkeks.de\/wp-content\/uploads\/2019\/01\/27-199x300.jpg\" alt=\"\" width=\"164\" height=\"248\" srcset=\"https:\/\/krippe-kruemelkeks.de\/wp-content\/uploads\/2019\/01\/27-199x300.jpg 199w, https:\/\/krippe-kruemelkeks.de\/wp-content\/uploads\/2019\/01\/27.jpg 664w\" sizes=\"(max-width: 164px) 100vw, 164px\" \/><strong>Mein Name ist Sandra Fellinger<\/strong>. Ich arbeitete 8 Jahre lang mit Herz und Seele bei der Kinderkrippe Gl\u00fchw\u00fcrmchen e.V. hier in Braunschweig.\u00a0Frau Raedlein, die Leitung der Kinderkrippe Gl\u00fchw\u00fcrmchen e.V., gab mir 2010 die wundervolle Chance, eine eigene Gruppe ins Leben zu rufen. Ich suchte die R\u00e4umlichkeiten und richtete das Haus liebevoll ein, seitdem trug ich mit viel Herz die p\u00e4dagogische\u00a0Leitung der Au\u00dfenstelle.<\/p>\n<p>\u2026.leben bedeutet bekanntlich Wachstum, auch in mir versp\u00fcre ich den Drang zu wachsen, und Frau Raedlein hat mir dabei geholfen. Daf\u00fcr bin ich ihr sehr dankbar.<br \/>\nAm 01.08.2014 ist ein gro\u00dfer Traum von mir wahrgeworden.<\/p>\n<p>Die Au\u00dfenstelle der Gl\u00fchw\u00fcrmchen e.V. darf sich Kinderkrippe Kr\u00fcmelkeks e.V. nennen. Mit eigener Tr\u00e4gerschaft f\u00fchre ich die Au\u00dfenstelle in eigenem Namen liebevoll weiter.<\/p>\n<hr \/>\n<p><img decoding=\"async\" loading=\"lazy\" class=\"wp-image-85 alignleft\" src=\"http:\/\/krippe-kruemelkeks.de\/wp-content\/uploads\/2019\/01\/21-199x300.jpg\" alt=\"\" width=\"168\" height=\"253\" srcset=\"https:\/\/krippe-kruemelkeks.de\/wp-content\/uploads\/2019\/01\/21-199x300.jpg 199w, https:\/\/krippe-kruemelkeks.de\/wp-content\/uploads\/2019\/01\/21.jpg 664w\" sizes=\"(max-width: 168px) 100vw, 168px\" \/><strong>Ich hei\u00dfe Nadine Zilling<\/strong>, geb. am 16.08.1985 und lebe mit meiner Partnerin und unseren 2 Kindern in Braunschweig.<br \/>\nIch arbeite seit dem 25.09.2017 als Erzieherin \u00a0bei den Kr\u00fcmel-Keksen und bin seit Juni 2018 als Gruppenleitung t\u00e4tig.<br \/>\nAn der Arbeit mit den\u00a0 Kindern ist mir besonders wichtig sie in ihrer kognitiven F\u00e4higkeit zu fordern und zu f\u00f6rdern. Au\u00dferdem ist es mein Ziel die Kinder in ihrer Bewegungsfreude zu unterst\u00fctzen.<br \/>\nMir ist es eine gro\u00dfe Freude, die Entwicklung der Kinder mitzuerleben und diese aktiv zu f\u00f6rdern.<\/p>\n<p>Ich liebe und lebe meine Aufgaben und meine Verantwortung, die auch als &#8222;Frau f\u00fcr alle F\u00e4lle&#8220; weit \u00fcber die erzieherischen T\u00e4tigkeiten hinausgehen.<\/p>\n<p>Meine gr\u00f6\u00dfte Motivation ist es den Kindern mit Liebe zu begegnen, ihnen Geborgenheit zu schenken und ihnen das Gef\u00fchl zu geben zu Hause zu sein.<\/p>\n<hr \/>\n<p><img decoding=\"async\" loading=\"lazy\" class=\"wp-image-86 alignleft\" src=\"http:\/\/krippe-kruemelkeks.de\/wp-content\/uploads\/2019\/01\/23-199x300.jpg\" alt=\"\" width=\"175\" height=\"264\" srcset=\"https:\/\/krippe-kruemelkeks.de\/wp-content\/uploads\/2019\/01\/23-199x300.jpg 199w, https:\/\/krippe-kruemelkeks.de\/wp-content\/uploads\/2019\/01\/23.jpg 664w\" sizes=\"(max-width: 175px) 100vw, 175px\" \/><\/p>\n<p><strong><br \/>\nMein Name ist Melanie Piras<\/strong>, ich komme aus Vechelde und seit dem 01.08.2014 arbeite ich hier in der Kinderkippe Kr\u00fcmelkeks und freue mich sehr ein Teil des Teams zu sein.<\/p>\n<p>Ich habe selbst 3 Kinder und finde es spannend zu sehen wie Kinder ihre Welt entdecken und erleben. Dabei m\u00f6chte ich sie gerne begleiten und sie in ihrer Pers\u00f6nlichkeit st\u00e4rken.<\/p>\n<p>Ich freu mich auf eine sch\u00f6ne Zusammenarbeit mit Ihnen und ihren Kindern.<\/p>\n<p>&nbsp;<\/p>\n<p>&nbsp;<\/p>\n<hr \/>\n<p><img decoding=\"async\" loading=\"lazy\" class=\"wp-image-87 alignleft\" src=\"http:\/\/krippe-kruemelkeks.de\/wp-content\/uploads\/2019\/01\/24-199x300.jpg\" alt=\"\" width=\"174\" height=\"262\" srcset=\"https:\/\/krippe-kruemelkeks.de\/wp-content\/uploads\/2019\/01\/24-199x300.jpg 199w, https:\/\/krippe-kruemelkeks.de\/wp-content\/uploads\/2019\/01\/24.jpg 664w\" sizes=\"(max-width: 174px) 100vw, 174px\" \/><strong>Mein Name ist Martina Raedlein<\/strong>, ich bin am 27.03.1971 geboren und wohne mit meiner Partnerin und unseren 2 Kindern in Braunschweig-Mascherode.<br \/>\nUrspr\u00fcnglich t\u00e4tig bin ich als Leitung seit 2003 f\u00fcr die Kinderkrippe Gl\u00fchw\u00fcrmchen.<\/p>\n<p>Seit September 2018 unterst\u00fctze ich mit gro\u00dfer Freude zudem die Kr\u00fcmelkekse im B\u00fcro und bei allen anfallenden Fragen und Gelegenheiten.<\/p>\n<p>Den Kindern, Eltern und dem Team mit positiver Energie, achtsam und wertsch\u00e4tzend zu begegnen und Frau Fellinger zu unterst\u00fctzen und den R\u00fccken zu st\u00e4rken ist mir ein Herzensanliegen.<\/p>\n<p>&nbsp;<\/p>\n<p>&nbsp;<\/p>\n<hr \/>\n<p><img decoding=\"async\" loading=\"lazy\" class=\" wp-image-84 alignleft\" src=\"http:\/\/krippe-kruemelkeks.de\/wp-content\/uploads\/2019\/01\/19-199x300.jpg\" alt=\"\" width=\"170\" height=\"257\" srcset=\"https:\/\/krippe-kruemelkeks.de\/wp-content\/uploads\/2019\/01\/19-199x300.jpg 199w, https:\/\/krippe-kruemelkeks.de\/wp-content\/uploads\/2019\/01\/19.jpg 664w\" sizes=\"(max-width: 170px) 100vw, 170px\" \/><\/p>\n<p><strong>Mein Name ist Sosan Amin<\/strong>, ich komme aus Vechelde , und bin seit 01.03.2019 als hauswirtschaftliche Kraft bei der Kinderkrippe Kr\u00fcmelkeks.<\/p>\n<p>Da ich sehr gerne koche und in der Vergangenheit ein Catering-Service betrieben habe freue ich mich sehr ein Teil des Teams zu sein.<\/p>\n<p>T\u00e4glich bereite ich die Mahlzeiten frisch zu , die gesunder Ern\u00e4hrung der Kinder ist mir dabei ein besonderes Anliegen.<\/p>\n<p>&nbsp;<\/p>\n<p>&nbsp;<\/p>\n<p>&nbsp;<\/p>\n<p>&nbsp;<\/p>\n<hr \/>\n<p style=\"text-align: center;\"><strong><br \/>\nEin gut funktionierendes Team, ist das Fundament unserer p\u00e4dagogischen Arbeit. F\u00fcr uns bedeutet es ein gutes Team zu sein, indem wir uns gegenseitig unterst\u00fctzen, verstehen und akzeptieren.Und das mit allen St\u00e4rken und Schw\u00e4chen, die jeder einzelne mit bringt.<\/strong><\/p>\n<p>&nbsp;<\/p>\n","protected":false},"excerpt":{"rendered":"<p>Unser Team Mein Name ist Sandra Fellinger. Ich arbeitete 8 Jahre lang mit Herz und Seele bei der Kinderkrippe Gl\u00fchw\u00fcrmchen e.V. hier in Braunschweig.\u00a0Frau Raedlein, die Leitung der Kinderkrippe Gl\u00fchw\u00fcrmchen e.V., gab mir 2010 die wundervolle Chance, eine eigene Gruppe ins Leben zu rufen. Ich suchte die R\u00e4umlichkeiten und richtete das Haus liebevoll ein, seitdem [&hellip;]<\/p>\n","protected":false},"author":1,"featured_media":0,"parent":0,"menu_order":0,"comment_status":"closed","ping_status":"closed","template":"","meta":{"_et_pb_use_builder":"","_et_pb_old_content":"","_et_gb_content_width":""},"_links":{"self":[{"href":"https:\/\/krippe-kruemelkeks.de\/index.php?rest_route=\/wp\/v2\/pages\/10"}],"collection":[{"href":"https:\/\/krippe-kruemelkeks.de\/index.php?rest_route=\/wp\/v2\/pages"}],"about":[{"href":"https:\/\/krippe-kruemelkeks.de\/index.php?rest_route=\/wp\/v2\/types\/page"}],"author":[{"embeddable":true,"href":"https:\/\/krippe-kruemelkeks.de\/index.php?rest_route=\/wp\/v2\/users\/1"}],"replies":[{"embeddable":true,"href":"https:\/\/krippe-kruemelkeks.de\/index.php?rest_route=%2Fwp%2Fv2%2Fcomments&post=10"}],"version-history":[{"count":25,"href":"https:\/\/krippe-kruemelkeks.de\/index.php?rest_route=\/wp\/v2\/pages\/10\/revisions"}],"predecessor-version":[{"id":220,"href":"https:\/\/krippe-kruemelkeks.de\/index.php?rest_route=\/wp\/v2\/pages\/10\/revisions\/220"}],"wp:attachment":[{"href":"https:\/\/krippe-kruemelkeks.de\/index.php?rest_route=%2Fwp%2Fv2%2Fmedia&parent=10"}],"curies":[{"name":"wp","href":"https:\/\/api.w.org\/{rel}","templated":true}]}}